 12. Suppose 133 = 35*g - 182. What is u(g)?
30
Let y(a) = 5*a**2 + 8*a - 12*a - 4*a**2 - 5. Let l be (-1)/(-2 - (-12)/8). Suppose -2*d + 6*d - l = -2*v, 18 = 4*v + d. Calculate y(v).
0
Let g(k) be the first derivative of -k**2/2 - 20*k + 35. Let o be g(-13). Let t(q) = -q - 10. Give t(o).
-3
Let d(c) = c**3 + c**2 + c - 2. Suppose -4*h = 3*u - 11, u - 10 = -3*h - 3. Let v = 1 - u. Calculate d(v).
-2
Let m(j) be the first derivative of j**2/2 - 14*j + 6. Let n be 4/(-18) + (-22)/(-99). What is m(n)?
-14
Let r(n) be the third derivative of -n**6/120 - 11*n**5/60 + n**4/2 + 2*n**3/3 + n**2. Let b = -3929 - -3917. What is r(b)?
4
Let k(v) = -v**2 - 5*v + 5. Let m be k(0). Suppose 5*r + 4 = 4*f - 10, -m*f + 26 = -2*r. Let o(p) = p**3 - 5*p**2 - 7*p. Give o(f).
-6
Let y = -115 + 118. Let o(h) = 5*h**3 - 215*h**2 + 219*h**2 - 4*h**y - h. What is o(-4)?
4
Let m(p) = -p**3 + 11*p**2 + 18*p - 1. Let b(w) = 2*w**3 - 23*w**2 - 40*w + 3. Let d(u) = -2*b(u) - 5*m(u). Determine d(10).
-1
Let d(f) = f - 2. Let p(x) = -3. Let s = -3 - -8. Let g be (-40)/16*(-6)/s. Let v(a) = g*p(a) - 4*d(a). Determine v(2).
-9
Let v(j) = j**2 - 9*j + 5. Suppose 2*l - 30 = -5*n, -2*n + 5*l = -6*n + 7. Give v(n).
-3
Let d(x) = x**2 + 4 + 0 - 1 - 21*x + 17*x. What is d(8)?
35
Let q(r) = 2*r - 93*r**2 - 91*r**2 - 2 + 186*r**2. Calculate q(-3).
10
Let v be 9 + 5/(20/(-12)). Let b(a) = -4. Let x(j) = j. Let d(n) = -b(n) - x(n). Give d(v).
-2
Suppose 64*u - 47*u - 102 = 0. Let s(f) = -2*f - 2. Give s(u).
-14
Let m = 108 + -105. Let h(p) be the second derivative of 1/2*p**2 + 1/12*p**4 + 0 - 3*p + 5/6*p**m. Calculate h(-3).
-5
Suppose -62 = -15*r - 122. Let h(o) = -3*o**3 - 2*o**3 - 7*o + 3*o**2 + 6*o**3 - 6. Determine h(r).
6
Let u(b) = 5*b - 1. Suppose 0 = -3*t + w + 3, t + 6*w = 3*w + 11. Let g(n) = -n**2 - 2*n + 1. Let s be g(-2). Suppose 3*q - s = t*q. Calculate u(q).
4
Let a(d) = d**2 - 4*d + 3. Let i be 7/3*(-126)/(-49). Give a(i).
15
Let h(v) = 12*v - 6*v**2 + 2 - 12*v + v**3. Let k be h(6). Suppose -2*j + 11 = 3*f - j, 0 = f + k*j - 2. Let n(z) = z**3 - 3*z**2 - 6*z + 2. Give n(f).
-6
Let w(o) = 0 - 2 + 6442*o**2 - 2*o - 6441*o**2. Calculate w(4).
6
Let r(z) = -2*z**2 - 11*z + 9. Suppose -17 = -6*i - 53. Calculate r(i).
3
Let i(d) = -14*d - 1. Let z(l) = l**3 + 2*l**2 - 5*l - 2. Let w be z(-3). Suppose -2*f + 16 = -2*s, 12 = w*s - f + 38. Let x = s + 5. Calculate i(x).
13
Suppose 2*c = 3 + 5. Let d(x) = -3*x + 4. Let u(r) = -21*r + 27. Let i(l) = 15*d(l) - 2*u(l). Give i(c).
-6
Let r be -9 - (-63)/(-27)*-3. Let c(d) = 3*d**3 - 2*d**2 - 3*d - 4. Calculate c(r).
-30
Let n(a) = a**2 - 16*a + 10. Let x(s) = 2*s**3 + 2*s**2 - 4*s - 1. Let t be x(2). Give n(t).
-5
Let n(l) be the third derivative of -5*l**4/24 - 100*l**2. Give n(1).
-5
Let t = -351 - -357. Let z(o) = o**3 - 7*o**2 + 7*o + 1. Calculate z(t).
7
Let p(x) = x - 3. Suppose 2*f + 15 = 5. Let u(j) = -2*j + 6. Let r(w) = f*p(w) - 2*u(w). Calculate r(4).
-1
Let o be 1*4*4/8. Let i(g) = 32*g - 12*g - 5 + 2 - 16*g. Determine i(o).
5
Let k(p) = p**3 - p**2 - 3*p + 4. Let f(n) = -4*n**3 + 4*n**2 + 9*n - 12. Let r(g) = -2*f(g) - 7*k(g). Let b be r(2). Let q(j) = 2*j - 6. Give q(b).
6
Let a be 22/8 - (-2)/8. Let n(l) be the second derivative of l**6/720 + 5*l**4/12 + 6*l. Let c(m) be the third derivative of n(m). What is c(a)?
3
Let w(p) be the second derivative of p**7/1260 + p**6/180 - p**5/120 - 31*p**4/12 - 14*p. Let v(i) be the third derivative of w(i). Calculate v(-3).
5
Let a(m) be the first derivative of -7*m**2/2 + 10*m - 361. Give a(3).
-11
Let s(o) be the first derivative of 8*o + 14 - 4*o**2 + 1/3*o**3. Suppose -z = -9 + 3. Calculate s(z).
-4
Suppose 3*q - q - 150 = -5*k, -3*q + 81 = 3*k. Let n = 32 - k. Let u(d) = d**2 - d + 8. Give u(n).
8
Let k be (-24)/(-18)*(57/(-6) - -5). Let c(b) = b**2 + 2 - 3*b + 9*b - 1. Calculate c(k).
1
Let g(b) = -b**2 + 9*b - 7. Let z(h) = -3*h + 2. Let u be z(3). Let m(f) = f**2 - 9*f + 7. Let j(c) = u*m(c) - 6*g(c). Determine j(7).
7
Let x(y) = -7 + 47*y - y**2 + 54*y + 2*y**2 + 0 - 105*y. Let d be -1*(0 + -10)/2. Give x(d).
-2
Let g(w) = -9*w**2 + w + 1. Suppose 8 - 13 = 3*s + x, -5*x = -2*s + 8. Calculate g(s).
-9
Let g(z) be the first derivative of -z**4/4 + 4*z**3/3 - 2*z**2 - z - 3321. Let u be (-9)/2*4/(-6). Calculate g(u).
-4
Let r(j) = 15*j**2 - 33*j + 15. Let m(s) = 7*s**2 - 16*s + 8. Let y(c) = 13*m(c) - 6*r(c). What is y(7)?
-7
Let k(v) be the second derivative of -v**6/120 + v**4/24 + 21*v**2/2 + 30*v. Let n(p) be the first derivative of k(p). What is n(-2)?
6
Let j = -50 + 41. Let s be j/11 - (-2)/(-11). Let b(o) = 4*o**3 + 2*o**2 + 2*o + 1. What is b(s)?
-3
Let n = 179 - 56. Let v(c) = -59 - c + n - 57. Give v(5).
2
Let h(l) = -l**2 - 16*l - 68. Let r be h(-8). Let z(x) be the third derivative of -2*x**2 - 1/6*x**4 + 0 - 1/60*x**5 - 2/3*x**3 + 0*x. Calculate z(r).
-4
Let n = 5 - 5. Let b be 4 + n*2/(-6). Let v(y) = -y + 29*y**2 + 4*y - 30*y**2 + 3. Determine v(b).
-1
Suppose 2*b = -w - 1 - 5, -2*w - 2*b = 4. Let u(s) = 1123*s**2 - 7*s - 14 + 4 - 1122*s**w. What is u(7)?
-10
Let c(q) be the second derivative of -q**4/12 - 7*q**3/6 - 7*q**2/2 - 361*q. Give c(-7).
-7
Let w(n) = -n - 9. Let v be 16/(-16) - (4 - (0 + 2)). What is w(v)?
-6
Let s be ((-70)/28)/(6/(-4) - -2). Let j(x) = -x**3 - 5*x**2 + 3. What is j(s)?
3
Let u(n) = 9*n + 3 + 6 + 2*n - 9*n. Let o(c) = c + 8. Let m(h) = -3*o(h) + 2*u(h). Give m(-5).
-11
Let n(v) = 5*v**3 - 8*v**2 + 9*v + 20. Let i(f) = 3*f**3 - 4*f**2 + 4*f + 10. Let z(u) = 7*i(u) - 4*n(u). Determine z(-5).
5
Let b(a) = 11 + 11 + 4*a - 4*a**2 + 2*a**2 - 24. Determine b(3).
-8
Let c be 30/4 - 1/(-2). Suppose -m - 3*m + 8 = 0. Let d(o) = o**3 + 3 - 4*o**2 - m + 12*o**2 + c*o. Calculate d(-7).
-6
Let r(q) = 6*q**3 + q**2. Let z(a) = -a**3 - a**2 - 2*a - 1. Suppose -3*l = 4 - 1. Let j be z(l). What is r(j)?
7
Suppose -8*c + c = 0. Suppose -b + a = c, -b - 3*b + 8 = -2*a. Let w be 1/4 - (-19)/b. Let d(o) = -o**2 + 7*o - 7. Calculate d(w).
3
Let w(g) = -g**3 + 10*g**2 - 7*g - 13. Let f = -2 - -11. Let k be w(f). Let q(t) be the first derivative of -t**4/4 + t**3 + 4*t**2 - 5*t + 6. Calculate q(k).
-15
Suppose 65 = 34*h - 71. Let y(f) = 2*f**2 - 3*f - 7. Calculate y(h).
13
Let m(i) be the third derivative of -i**5/60 + i**4/4 - 13*i**2. Let k = 27 + -27. Suppose -y - 10 = -k*y + 5*g, -5*g = 5*y - 10. Calculate m(y).
5
Let o(f) = -4*f**2 - 5*f - 16. Let n(a) = 2*a**2 + 2*a + 11. Let y(q) = 11*n(q) + 6*o(q). Calculate y(-6).
1
Let l = 1 + -2. Let h = 32 + -30. Let a(y) = 2*y**3 - 99 - y**3 + 98 - 2*y**h - 2*y. Give a(l).
-2
Suppose 29*q = -8*q + 111. Let h(s) = 5*s**2 - s**3 - 2*s**2 + 2*s**2 - 2*s - 3. Determine h(q).
9
Let w(i) be the first derivative of 4*i - 2*i**2 - 4 + 1/3*i**3. Let a be (3/(-2))/(9/(-24)). Determine w(a).
4
Let f(x) = x**2 + 6*x + 4. Let k(b) = 5*b**3 + b**2 - 1. Let q be k(1). Let d = 9 - q. Suppose d*m = 7*p - 4*p - 28, 5*p = -3*m + 8. What is f(m)?
-4
Let v be -5 + (-39)/(-4) + (-3)/4. Let i be 340/55 + v/(-22). Let c(m) = m**2 - 5*m - 5. Calculate c(i).
1
Let q(u) be the first derivative of u**4/12 + 7*u**3/6 + 3*u**2/2 - 14*u - 8. Let r(i) be the first derivative of q(i). Calculate r(-5).
-7
Let c(m) = -m**2 - 5*m. Let q(r) = 6*r**2 - 1. Let k be q(-1). Suppose 2*w + 0*w + i = 13, 9 = -4*w + 5*i. Suppose -3*x - w = k. Determine c(x).
6
Let m(l) = -5*l**2 + 18*l + 28. Let q(y) = 2*y**2 - 6*y - 14. Let r(u) = -3*m(u) - 7*q(u). What is r(11)?
3
Let u(w) = -2*w**2 + 13*w + 8 - 2*w**2 - 20 - 2*w**2. Let l(z) = -5*z**2 + 12*z - 11. Let c(t) = -5*l(t) + 4*u(t). What is c(6)?
-5
Let h(z) = -z**2 + 4*z - 9. Suppose -5*p + 2*t = -2*p - 181, 0 = -5*p + 2*t + 295. Let s = p - 51. What is h(s)?
-21
Let x(a) = -5*a + 1. Let i(f) = -f**3 + 31*f**2 + 99*f + 105. Let l be i(34). Give x(l).
-14
Let o(i) be the first derivative of 7*i**3/3 - i**2/2 - 3. Suppose -22 = 2*t - 4*w, -5*t - 5*w + 14 = -6. Give o(t).
8
Let c(s) = -4*s**2 + 57*s + 2. Let p(y) = -y**2 + 14*y - 1. Let f(h) = -2*c(h) + 9*p(h). Let n = 2 + 8. What is f(n)?
7
Let k(m) = -8*m**3 - m**2 + 3*m + 4. Let h(t) = 6*t - 193. Let s be h(32). Determine k(s).
8
Let q be ((2 - 2) + 5)*1. Let s(k) = 7*k - 4. Give s(q).
31
Let g(o) = -4*o**3 - 6*o**2 - 13*o - 10. Let j(z) = 5*z**3 + 